{"id":181,"date":"2023-09-05T13:33:58","date_gmt":"2023-09-05T11:33:58","guid":{"rendered":"https:\/\/alicjaslawinska.pl\/?post_type=publications&#038;p=181"},"modified":"2024-02-28T16:05:31","modified_gmt":"2024-02-28T15:05:31","slug":"odpowiedzialnosc-cywilnoprawna-architekta-oraz-ubezpieczenie-oc","status":"publish","type":"publications","link":"https:\/\/alicjaslawinska.pl\/pl\/publications\/odpowiedzialnosc-cywilnoprawna-architekta-oraz-ubezpieczenie-oc\/","title":{"rendered":"Odpowiedzialno\u015b\u0107 cywilnoprawna architekta oraz ubezpieczenie OC"},"content":{"rendered":"<p>Zaw\u00f3d architekta polega przede wszystkim na projektowaniu i tworzeniu obiekt\u00f3w budowlanych. Wymaga zorientowania w takich dziedzinach jak urbanistyka, in\u017cynieria, krajobraz czy historia sztuki. Wa\u017cna rola w procesie inwestycyjno \u2013 budowlanym spowodowa\u0142a, \u017ce charakterystyka odpowiedzialno\u015bci prawnej architekta rozk\u0142ada si\u0119 nast\u0119puj\u0105co:<\/p>\n<p>ODPOWIEDZIALNO\u015a\u0106 CYWILNA KONTRAKTOWA \u2013 podstaw\u0105 prawn\u0105 odpowiedzialno\u015bci jest ex contractu jest art. 471 Kodeksu cywilnego, w kt\u00f3rym d\u0142u\u017cnik (architekt) zobowi\u0105zuje si\u0119 do naprawienia szkody wynik\u0142ej z niewykonania lub nienale\u017cytego wykonania zobowi\u0105zania, chyba \u017ce niewykonanie lub nienale\u017cyte wykonanie jest nast\u0119pstwem okoliczno\u015bci, za kt\u00f3re odpowiedzialno\u015bci nie ponosi. \u0179r\u00f3d\u0142o zobowi\u0105zania stanowi kontrakt zawarty przez obie strony.<\/p>\n<p>W praktyce strona zamawiaj\u0105ca (inwestor) zleca architektowi (projektantowi) wykonanie dokumentacji projektowej np. z pe\u0142nieniem nadzoru autorskiego dla konkretnej inwestycji za um\u00f3wione wynagrodzenie i w um\u00f3wionym czasie.<\/p>\n<p>W przypadku ewentualnego sporu inwestor zobowi\u0105zany jest do wykazania:<br \/>\n(i) zaistnienia szkody,<br \/>\n(ii) adekwatnego zwi\u0105zku przyczynowo \u2013 skutkowego.<\/p>\n<p>*W przypadku odpowiedzialno\u015bci kontraktowej wierzyciel (inwestor) korzysta z domniemania winy.<\/p>\n<p>ODPOWIEDZIALNO\u015a\u0106 CYWILNA DELIKTOWA \u2013 podstaw\u0105 prawn\u0105 odpowiedzialno\u015bci ex delicto jest art. 415 Kodeksu cywilnego, zgodnie z kt\u00f3rym kto (architekt) z winy swej wyrz\u0105dzi\u0142 drugiemu szkod\u0119, obowi\u0105zany jest do jej naprawienia. \u0179r\u00f3d\u0142o zobowi\u0105zania stanowi czyn niedozwolony.<\/p>\n<p>W praktyce je\u017celi architekt wykona\u0142 projekt wadliwy, w wyniku kt\u00f3rego dojdzie do katastrofy budowlanej i \u015bmierci os\u00f3b trzecich, zaistniej\u0105 podstawy odpowiedzialno\u015bci deliktowej.<\/p>\n<p>Architekci, podobnie jak in\u017cynierowie budownictwa, podlegaj\u0105 obligatoryjnemu ubezpieczeniu od odpowiedzialno\u015bci cywilnoprawnej. Tzw. ubezpieczeniu OC. Warto pami\u0119ta\u0107, \u017ce zakres opisanej wy\u017cej odpowiedzialno\u015bci cywilnoprawnej architekta nie jest to\u017csamy z zakresem polisy ubezpieczeniowej wystawianej przez towarzystwo ubezpieczeniowe.<\/p>\n<p><em>*Zapraszam do lektury zagadnienia mojego autorstwa po\u015bwi\u0119conego odpowiedzialno\u015bci zawodowej i dyscyplinarnej architekta,<\/em><br \/>\n<em>**Ponadto, do odpowiedzialno\u015bci deliktowej stosuje si\u0119 art. 429 Kodeksu cywilnego, kt\u00f3ry redaguje, \u017ce osoba powierzaj\u0105ca komu\u015b innemu wykonanie czynno\u015bci, jest tak\u017ce odpowiedzialna za szkod\u0119 przez niego wyrz\u0105dzon\u0105.<\/em><br \/>\n<em>***Zakres odpowiedzialno\u015bci kontraktowej mo\u017ce by\u0107 modyfikowany tre\u015bci\u0105 kontraktu, a w przypadku deliktu nie ma takiej mo\u017cliwo\u015bci.<\/em><\/p>\n<p style=\"text-align: center;\"><i><span style=\"font-weight: 400;\">5 wrze\u015bnia 2023r.<\/span><\/i><\/p>\n","protected":false},"featured_media":0,"template":"","class_list":["post-181","publications","type-publications","status-publish","hentry"],"acf":[],"yoast_head":"<!-- This site is optimized with the Yoast SEO plugin v27.4 - https:\/\/yoast.com\/product\/yoast-seo-wordpress\/ -->\n<title>Odpowiedzialno\u015b\u0107 cywilnoprawna architekta oraz ubezpieczenie OC - Alicja S\u0142awi\u0144ska<\/title>\n<meta name=\"robots\" content=\"index, follow, max-snippet:-1, max-image-preview:large, max-video-preview:-1\" \/>\n<link rel=\"canonical\" href=\"https:\/\/alicjaslawinska.pl\/pl\/publications\/odpowiedzialnosc-cywilnoprawna-architekta-oraz-ubezpieczenie-oc\/\" \/>\n<meta property=\"og:locale\" content=\"pl_PL\" \/>\n<meta property=\"og:type\" content=\"article\" \/>\n<meta property=\"og:title\" content=\"Odpowiedzialno\u015b\u0107 cywilnoprawna architekta oraz ubezpieczenie OC - Alicja S\u0142awi\u0144ska\" \/>\n<meta property=\"og:description\" content=\"Zaw\u00f3d architekta polega przede wszystkim na projektowaniu i tworzeniu obiekt\u00f3w budowlanych. Wymaga zorientowania w takich dziedzinach jak urbanistyka, in\u017cynieria, krajobraz czy historia sztuki. Wa\u017cna rola w procesie inwestycyjno \u2013 budowlanym spowodowa\u0142a, \u017ce charakterystyka odpowiedzialno\u015bci prawnej architekta rozk\u0142ada si\u0119 nast\u0119puj\u0105co: ODPOWIEDZIALNO\u015a\u0106 CYWILNA KONTRAKTOWA \u2013 podstaw\u0105 prawn\u0105 odpowiedzialno\u015bci jest ex contractu jest art. 471 Kodeksu cywilnego, w [&hellip;]\" \/>\n<meta property=\"og:url\" content=\"https:\/\/alicjaslawinska.pl\/pl\/publications\/odpowiedzialnosc-cywilnoprawna-architekta-oraz-ubezpieczenie-oc\/\" \/>\n<meta property=\"og:site_name\" content=\"Alicja S\u0142awi\u0144ska\" \/>\n<meta property=\"article:modified_time\" content=\"2024-02-28T15:05:31+00:00\" \/>\n<meta property=\"og:image\" content=\"https:\/\/alicjaslawinska.pl\/wp-content\/uploads\/2024\/02\/1200x630.jpg\" \/>\n\t<meta property=\"og:image:width\" content=\"1200\" \/>\n\t<meta property=\"og:image:height\" content=\"630\" \/>\n\t<meta property=\"og:image:type\" content=\"image\/jpeg\" \/>\n<meta name=\"twitter:card\" content=\"summary_large_image\" \/>\n<meta name=\"twitter:label1\" content=\"Szacowany czas czytania\" \/>\n\t<meta name=\"twitter:data1\" content=\"2 minuty\" \/>\n<script type=\"application\/ld+json\" class=\"yoast-schema-graph\">{\"@context\":\"https:\\\/\\\/schema.org\",\"@graph\":[{\"@type\":\"WebPage\",\"@id\":\"https:\\\/\\\/alicjaslawinska.pl\\\/pl\\\/publications\\\/odpowiedzialnosc-cywilnoprawna-architekta-oraz-ubezpieczenie-oc\\\/\",\"url\":\"https:\\\/\\\/alicjaslawinska.pl\\\/pl\\\/publications\\\/odpowiedzialnosc-cywilnoprawna-architekta-oraz-ubezpieczenie-oc\\\/\",\"name\":\"Odpowiedzialno\u015b\u0107 cywilnoprawna architekta oraz ubezpieczenie OC - Alicja S\u0142awi\u0144ska\",\"isPartOf\":{\"@id\":\"https:\\\/\\\/alicjaslawinska.pl\\\/#website\"},\"datePublished\":\"2023-09-05T11:33:58+00:00\",\"dateModified\":\"2024-02-28T15:05:31+00:00\",\"breadcrumb\":{\"@id\":\"https:\\\/\\\/alicjaslawinska.pl\\\/pl\\\/publications\\\/odpowiedzialnosc-cywilnoprawna-architekta-oraz-ubezpieczenie-oc\\\/#breadcrumb\"},\"inLanguage\":\"pl-PL\",\"potentialAction\":[{\"@type\":\"ReadAction\",\"target\":[\"https:\\\/\\\/alicjaslawinska.pl\\\/pl\\\/publications\\\/odpowiedzialnosc-cywilnoprawna-architekta-oraz-ubezpieczenie-oc\\\/\"]}]},{\"@type\":\"BreadcrumbList\",\"@id\":\"https:\\\/\\\/alicjaslawinska.pl\\\/pl\\\/publications\\\/odpowiedzialnosc-cywilnoprawna-architekta-oraz-ubezpieczenie-oc\\\/#breadcrumb\",\"itemListElement\":[{\"@type\":\"ListItem\",\"position\":1,\"name\":\"Home\",\"item\":\"https:\\\/\\\/alicjaslawinska.pl\\\/pl\\\/\"},{\"@type\":\"ListItem\",\"position\":2,\"name\":\"Odpowiedzialno\u015b\u0107 cywilnoprawna architekta oraz ubezpieczenie OC\"}]},{\"@type\":\"WebSite\",\"@id\":\"https:\\\/\\\/alicjaslawinska.pl\\\/#website\",\"url\":\"https:\\\/\\\/alicjaslawinska.pl\\\/\",\"name\":\"Alicja S\u0142wi\u0144ska\",\"description\":\"\",\"publisher\":{\"@id\":\"https:\\\/\\\/alicjaslawinska.pl\\\/#organization\"},\"potentialAction\":[{\"@type\":\"SearchAction\",\"target\":{\"@type\":\"EntryPoint\",\"urlTemplate\":\"https:\\\/\\\/alicjaslawinska.pl\\\/?s={search_term_string}\"},\"query-input\":{\"@type\":\"PropertyValueSpecification\",\"valueRequired\":true,\"valueName\":\"search_term_string\"}}],\"inLanguage\":\"pl-PL\"},{\"@type\":\"Organization\",\"@id\":\"https:\\\/\\\/alicjaslawinska.pl\\\/#organization\",\"name\":\"Alicja S\u0142wi\u0144ska\",\"url\":\"https:\\\/\\\/alicjaslawinska.pl\\\/\",\"logo\":{\"@type\":\"ImageObject\",\"inLanguage\":\"pl-PL\",\"@id\":\"https:\\\/\\\/alicjaslawinska.pl\\\/#\\\/schema\\\/logo\\\/image\\\/\",\"url\":\"https:\\\/\\\/alicjaslawinska.pl\\\/wp-content\\\/uploads\\\/2024\\\/02\\\/1200x630.jpg\",\"contentUrl\":\"https:\\\/\\\/alicjaslawinska.pl\\\/wp-content\\\/uploads\\\/2024\\\/02\\\/1200x630.jpg\",\"width\":1200,\"height\":630,\"caption\":\"Alicja S\u0142wi\u0144ska\"},\"image\":{\"@id\":\"https:\\\/\\\/alicjaslawinska.pl\\\/#\\\/schema\\\/logo\\\/image\\\/\"}}]}<\/script>\n<!-- \/ Yoast SEO plugin. -->","yoast_head_json":{"title":"Odpowiedzialno\u015b\u0107 cywilnoprawna architekta oraz ubezpieczenie OC - Alicja S\u0142awi\u0144ska","robots":{"index":"index","follow":"follow","max-snippet":"max-snippet:-1","max-image-preview":"max-image-preview:large","max-video-preview":"max-video-preview:-1"},"canonical":"https:\/\/alicjaslawinska.pl\/pl\/publications\/odpowiedzialnosc-cywilnoprawna-architekta-oraz-ubezpieczenie-oc\/","og_locale":"pl_PL","og_type":"article","og_title":"Odpowiedzialno\u015b\u0107 cywilnoprawna architekta oraz ubezpieczenie OC - Alicja S\u0142awi\u0144ska","og_description":"Zaw\u00f3d architekta polega przede wszystkim na projektowaniu i tworzeniu obiekt\u00f3w budowlanych. Wymaga zorientowania w takich dziedzinach jak urbanistyka, in\u017cynieria, krajobraz czy historia sztuki. Wa\u017cna rola w procesie inwestycyjno \u2013 budowlanym spowodowa\u0142a, \u017ce charakterystyka odpowiedzialno\u015bci prawnej architekta rozk\u0142ada si\u0119 nast\u0119puj\u0105co: ODPOWIEDZIALNO\u015a\u0106 CYWILNA KONTRAKTOWA \u2013 podstaw\u0105 prawn\u0105 odpowiedzialno\u015bci jest ex contractu jest art. 471 Kodeksu cywilnego, w [&hellip;]","og_url":"https:\/\/alicjaslawinska.pl\/pl\/publications\/odpowiedzialnosc-cywilnoprawna-architekta-oraz-ubezpieczenie-oc\/","og_site_name":"Alicja S\u0142awi\u0144ska","article_modified_time":"2024-02-28T15:05:31+00:00","og_image":[{"width":1200,"height":630,"url":"https:\/\/alicjaslawinska.pl\/wp-content\/uploads\/2024\/02\/1200x630.jpg","type":"image\/jpeg"}],"twitter_card":"summary_large_image","twitter_misc":{"Szacowany czas czytania":"2 minuty"},"schema":{"@context":"https:\/\/schema.org","@graph":[{"@type":"WebPage","@id":"https:\/\/alicjaslawinska.pl\/pl\/publications\/odpowiedzialnosc-cywilnoprawna-architekta-oraz-ubezpieczenie-oc\/","url":"https:\/\/alicjaslawinska.pl\/pl\/publications\/odpowiedzialnosc-cywilnoprawna-architekta-oraz-ubezpieczenie-oc\/","name":"Odpowiedzialno\u015b\u0107 cywilnoprawna architekta oraz ubezpieczenie OC - Alicja S\u0142awi\u0144ska","isPartOf":{"@id":"https:\/\/alicjaslawinska.pl\/#website"},"datePublished":"2023-09-05T11:33:58+00:00","dateModified":"2024-02-28T15:05:31+00:00","breadcrumb":{"@id":"https:\/\/alicjaslawinska.pl\/pl\/publications\/odpowiedzialnosc-cywilnoprawna-architekta-oraz-ubezpieczenie-oc\/#breadcrumb"},"inLanguage":"pl-PL","potentialAction":[{"@type":"ReadAction","target":["https:\/\/alicjaslawinska.pl\/pl\/publications\/odpowiedzialnosc-cywilnoprawna-architekta-oraz-ubezpieczenie-oc\/"]}]},{"@type":"BreadcrumbList","@id":"https:\/\/alicjaslawinska.pl\/pl\/publications\/odpowiedzialnosc-cywilnoprawna-architekta-oraz-ubezpieczenie-oc\/#breadcrumb","itemListElement":[{"@type":"ListItem","position":1,"name":"Home","item":"https:\/\/alicjaslawinska.pl\/pl\/"},{"@type":"ListItem","position":2,"name":"Odpowiedzialno\u015b\u0107 cywilnoprawna architekta oraz ubezpieczenie OC"}]},{"@type":"WebSite","@id":"https:\/\/alicjaslawinska.pl\/#website","url":"https:\/\/alicjaslawinska.pl\/","name":"Alicja S\u0142wi\u0144ska","description":"","publisher":{"@id":"https:\/\/alicjaslawinska.pl\/#organization"},"potentialAction":[{"@type":"SearchAction","target":{"@type":"EntryPoint","urlTemplate":"https:\/\/alicjaslawinska.pl\/?s={search_term_string}"},"query-input":{"@type":"PropertyValueSpecification","valueRequired":true,"valueName":"search_term_string"}}],"inLanguage":"pl-PL"},{"@type":"Organization","@id":"https:\/\/alicjaslawinska.pl\/#organization","name":"Alicja S\u0142wi\u0144ska","url":"https:\/\/alicjaslawinska.pl\/","logo":{"@type":"ImageObject","inLanguage":"pl-PL","@id":"https:\/\/alicjaslawinska.pl\/#\/schema\/logo\/image\/","url":"https:\/\/alicjaslawinska.pl\/wp-content\/uploads\/2024\/02\/1200x630.jpg","contentUrl":"https:\/\/alicjaslawinska.pl\/wp-content\/uploads\/2024\/02\/1200x630.jpg","width":1200,"height":630,"caption":"Alicja S\u0142wi\u0144ska"},"image":{"@id":"https:\/\/alicjaslawinska.pl\/#\/schema\/logo\/image\/"}}]}},"_links":{"self":[{"href":"https:\/\/alicjaslawinska.pl\/pl\/wp-json\/wp\/v2\/publications\/181","targetHints":{"allow":["GET"]}}],"collection":[{"href":"https:\/\/alicjaslawinska.pl\/pl\/wp-json\/wp\/v2\/publications"}],"about":[{"href":"https:\/\/alicjaslawinska.pl\/pl\/wp-json\/wp\/v2\/types\/publications"}],"wp:attachment":[{"href":"https:\/\/alicjaslawinska.pl\/pl\/wp-json\/wp\/v2\/media?parent=181"}],"curies":[{"name":"wp","href":"https:\/\/api.w.org\/{rel}","templated":true}]}}

Odpowiedzialność cywilnoprawna architekta oraz ubezpieczenie OC

<p>Zawód architekta polega przede wszystkim na projektowaniu i tworzeniu obiektów budowlanych. Wymaga zorientowania w takich dziedzinach jak urbanistyka, inżynieria, krajobraz czy historia sztuki. Ważna rola w procesie inwestycyjno – budowlanym spowodowała, że charakterystyka odpowiedzialności prawnej architekta rozkłada się następująco:</p>
<p>ODPOWIEDZIALNOŚĆ CYWILNA KONTRAKTOWA – podstawą prawną odpowiedzialności jest ex contractu jest art. 471 Kodeksu cywilnego, w którym dłużnik (architekt) zobowiązuje się do naprawienia szkody wynikłej z niewykonania lub nienależytego wykonania zobowiązania, chyba że niewykonanie lub nienależyte wykonanie jest następstwem okoliczności, za które odpowiedzialności nie ponosi. Źródło zobowiązania stanowi kontrakt zawarty przez obie strony.</p>
<p>W praktyce strona zamawiająca (inwestor) zleca architektowi (projektantowi) wykonanie dokumentacji projektowej np. z pełnieniem nadzoru autorskiego dla konkretnej inwestycji za umówione wynagrodzenie i w umówionym czasie.</p>
<p>W przypadku ewentualnego sporu inwestor zobowiązany jest do wykazania:<br />
(i) zaistnienia szkody,<br />
(ii) adekwatnego związku przyczynowo – skutkowego.</p>
<p>*W przypadku odpowiedzialności kontraktowej wierzyciel (inwestor) korzysta z domniemania winy.</p>
<p>ODPOWIEDZIALNOŚĆ CYWILNA DELIKTOWA – podstawą prawną odpowiedzialności ex delicto jest art. 415 Kodeksu cywilnego, zgodnie z którym kto (architekt) z winy swej wyrządził drugiemu szkodę, obowiązany jest do jej naprawienia. Źródło zobowiązania stanowi czyn niedozwolony.</p>
<p>W praktyce jeżeli architekt wykonał projekt wadliwy, w wyniku którego dojdzie do katastrofy budowlanej i śmierci osób trzecich, zaistnieją podstawy odpowiedzialności deliktowej.</p>
<p>Architekci, podobnie jak inżynierowie budownictwa, podlegają obligatoryjnemu ubezpieczeniu od odpowiedzialności cywilnoprawnej. Tzw. ubezpieczeniu OC. Warto pamiętać, że zakres opisanej wyżej odpowiedzialności cywilnoprawnej architekta nie jest tożsamy z zakresem polisy ubezpieczeniowej wystawianej przez towarzystwo ubezpieczeniowe.</p>
<p><em>*Zapraszam do lektury zagadnienia mojego autorstwa poświęconego odpowiedzialności zawodowej i dyscyplinarnej architekta,</em><br />
<em>**Ponadto, do odpowiedzialności deliktowej stosuje się art. 429 Kodeksu cywilnego, który redaguje, że osoba powierzająca komuś innemu wykonanie czynności, jest także odpowiedzialna za szkodę przez niego wyrządzoną.</em><br />
<em>***Zakres odpowiedzialności kontraktowej może być modyfikowany treścią kontraktu, a w przypadku deliktu nie ma takiej możliwości.</em></p>
<p style="text-align: center;"><i><span style="font-weight: 400;">5 września 2023r.</span></i></p>

<!-- This site is optimized with the Yoast SEO plugin v27.4 - https://yoast.com/product/yoast-seo-wordpress/ -->
<title>Odpowiedzialność cywilnoprawna architekta oraz ubezpieczenie OC - Alicja Sławińska</title>
<meta name="robots" content="index, follow, max-snippet:-1, max-image-preview:large, max-video-preview:-1" />
<link rel="canonical" href="https://alicjaslawinska.pl/pl/publications/odpowiedzialnosc-cywilnoprawna-architekta-oraz-ubezpieczenie-oc/" />
<meta property="og:locale" content="pl_PL" />
<meta property="og:type" content="article" />
<meta property="og:title" content="Odpowiedzialność cywilnoprawna architekta oraz ubezpieczenie OC - Alicja Sławińska" />
<meta property="og:description" content="Zawód architekta polega przede wszystkim na projektowaniu i tworzeniu obiektów budowlanych. Wymaga zorientowania w takich dziedzinach jak urbanistyka, inżynieria, krajobraz czy historia sztuki. Ważna rola w procesie inwestycyjno – budowlanym spowodowała, że charakterystyka odpowiedzialności prawnej architekta rozkłada się następująco: ODPOWIEDZIALNOŚĆ CYWILNA KONTRAKTOWA – podstawą prawną odpowiedzialności jest ex contractu jest art. 471 Kodeksu cywilnego, w [&hellip;]" />
<meta property="og:url" content="https://alicjaslawinska.pl/pl/publications/odpowiedzialnosc-cywilnoprawna-architekta-oraz-ubezpieczenie-oc/" />
<meta property="og:site_name" content="Alicja Sławińska" />
<meta property="article:modified_time" content="2024-02-28T15:05:31+00:00" />
<meta property="og:image" content="https://alicjaslawinska.pl/wp-content/uploads/2024/02/1200x630.jpg" />
	<meta property="og:image:width" content="1200" />
	<meta property="og:image:height" content="630" />
	<meta property="og:image:type" content="image/jpeg" />
<meta name="twitter:card" content="summary_large_image" />
<meta name="twitter:label1" content="Szacowany czas czytania" />
	<meta name="twitter:data1" content="2 minuty" />
<script type="application/ld+json" class="yoast-schema-graph">{"@context":"https:\/\/schema.org","@graph":[{"@type":"WebPage","@id":"https:\/\/alicjaslawinska.pl\/pl\/publications\/odpowiedzialnosc-cywilnoprawna-architekta-oraz-ubezpieczenie-oc\/","url":"https:\/\/alicjaslawinska.pl\/pl\/publications\/odpowiedzialnosc-cywilnoprawna-architekta-oraz-ubezpieczenie-oc\/","name":"Odpowiedzialność cywilnoprawna architekta oraz ubezpieczenie OC - Alicja Sławińska","isPartOf":{"@id":"https:\/\/alicjaslawinska.pl\/#website"},"datePublished":"2023-09-05T11:33:58+00:00","dateModified":"2024-02-28T15:05:31+00:00","breadcrumb":{"@id":"https:\/\/alicjaslawinska.pl\/pl\/publications\/odpowiedzialnosc-cywilnoprawna-architekta-oraz-ubezpieczenie-oc\/#breadcrumb"},"inLanguage":"pl-PL","potentialAction":[{"@type":"ReadAction","target":["https:\/\/alicjaslawinska.pl\/pl\/publications\/odpowiedzialnosc-cywilnoprawna-architekta-oraz-ubezpieczenie-oc\/"]}]},{"@type":"BreadcrumbList","@id":"https:\/\/alicjaslawinska.pl\/pl\/publications\/odpowiedzialnosc-cywilnoprawna-architekta-oraz-ubezpieczenie-oc\/#breadcrumb","itemListElement":[{"@type":"ListItem","position":1,"name":"Home","item":"https:\/\/alicjaslawinska.pl\/pl\/"},{"@type":"ListItem","position":2,"name":"Odpowiedzialność cywilnoprawna architekta oraz ubezpieczenie OC"}]},{"@type":"WebSite","@id":"https:\/\/alicjaslawinska.pl\/#website","url":"https:\/\/alicjaslawinska.pl\/","name":"Alicja Słwińska","description":"","publisher":{"@id":"https:\/\/alicjaslawinska.pl\/#organization"},"potentialAction":[{"@type":"SearchAction","target":{"@type":"EntryPoint","urlTemplate":"https:\/\/alicjaslawinska.pl\/?s={search_term_string}"},"query-input":{"@type":"PropertyValueSpecification","valueRequired":true,"valueName":"search_term_string"}}],"inLanguage":"pl-PL"},{"@type":"Organization","@id":"https:\/\/alicjaslawinska.pl\/#organization","name":"Alicja Słwińska","url":"https:\/\/alicjaslawinska.pl\/","logo":{"@type":"ImageObject","inLanguage":"pl-PL","@id":"https:\/\/alicjaslawinska.pl\/#\/schema\/logo\/image\/","url":"https:\/\/alicjaslawinska.pl\/wp-content\/uploads\/2024\/02\/1200x630.jpg","contentUrl":"https:\/\/alicjaslawinska.pl\/wp-content\/uploads\/2024\/02\/1200x630.jpg","width":1200,"height":630,"caption":"Alicja Słwińska"},"image":{"@id":"https:\/\/alicjaslawinska.pl\/#\/schema\/logo\/image\/"}}]}</script>
<!-- / Yoast SEO plugin. -->

Odpowiedzialność cywilnoprawna architekta oraz ubezpieczenie OC - Alicja Sławińska

Zawód architekta polega przede wszystkim na projektowaniu i tworzeniu obiektów budowlanych. Wymaga zorientowania w takich dziedzinach jak urbanistyka, inżynieria, krajobraz czy historia sztuki. Ważna rola w procesie inwestycyjno – budowlanym spowodowała, że charakterystyka odpowiedzialności prawnej architekta rozkłada się następująco: ODPOWIEDZIALNOŚĆ CYWILNA KONTRAKTOWA – podstawą prawną odpowiedzialności jest ex contractu jest art. 471 Kodeksu cywilnego, w [&hellip;]

Alicja Sławińska

Alicja Słwińska
