{"id":162,"date":"2023-08-17T13:20:41","date_gmt":"2023-08-17T11:20:41","guid":{"rendered":"https:\/\/alicjaslawinska.pl\/publications\/najem-instytucjonalny-prs\/"},"modified":"2024-02-28T16:10:26","modified_gmt":"2024-02-28T15:10:26","slug":"najem-instytucjonalny-prs","status":"publish","type":"publications","link":"https:\/\/alicjaslawinska.pl\/pl\/publications\/najem-instytucjonalny-prs\/","title":{"rendered":"Najem instytucjonalny (PRS)"},"content":{"rendered":"<p>Private Rented Sector \u2013 Rynek Najmu Instytucjonalnej (dalej: \u201ePRS\u201d) to zinstytucjonalizowana forma najmu prowadzona przez profesjonalne podmioty wykwalifikowane w najmie powierzchni mieszkaniowej. Nadrz\u0119dn\u0105 funkcj\u0105 PRS jest kompleksowe zabezpieczenie interes\u00f3w strony wynajmuj\u0105cej lokal mieszkalny w por\u00f3wnaniu np. do najmu okazjonalnego.<\/p>\n<p>Podstawowym \u017ar\u00f3d\u0142em regulacji prawnej PRS w Polsce jest ustawa z dnia 21 czerwca 2001r. O ochronie praw lokator\u00f3w, mieszkaniowym zasobie gminy i o zmianie Kodeksu cywilnego (Dz. U. 2001 nr 71 poz. 733)(dalej: \u201eUstawa\u201d). Przepisy Kodeksu cywilnego stosuje si\u0119 odpowiednio w zakresie zastrze\u017conym w Ustawie.<\/p>\n<p>Umowa najmu instytucjonalnego zgodnie z tre\u015bci\u0105 art. 19f ust. 1 Ustawy:<br \/>\n(i) umowa najmu mieszkalnego w formie pisemnej pod rygorem niewa\u017cno\u015bci,<br \/>\n(ii) wynajmuj\u0105cym jest osoba fizyczna, prawna lub jednostka organizacyjna nieb\u0119d\u0105ca osob\u0105 prawn\u0105, kt\u00f3ra prowadzi dzia\u0142alno\u015b\u0107 gospodarcz\u0105 w zakresie najmu lokali mieszkalnych,<br \/>\n(iii) najemc\u0105 jest wy\u0142\u0105cznie osoba fizyczna, a najem na w\u0142asne potrzeby mieszkaniowe,<br \/>\n(iv) zawierana na czas oznaczony,<br \/>\n(v) obligatoryjnym za\u0142\u0105cznikiem jest o\u015bwiadczenie w formie aktu notarialnego o dobrowolnym poddaniu si\u0119 egzekucji co do zap\u0142aty i opr\u00f3\u017cnienia lokalu mieszkalnego.<br \/>\n(vi) kaucja nie mo\u017ce przekracza\u0107 6-krotno\u015bci czynszu i mo\u017ce by\u0107 w trakcie trwania umowy zaliczana na poczet zaleg\u0142o\u015bci w op\u0142atach. Najemca ma w\u00f3wczas obowi\u0105zek uzupe\u0142nienia brakuj\u0105cej kwoty okre\u015blonej w umowie kaucji,<br \/>\n(vii) brak konieczno\u015bci zawiadomienia Urz\u0119du Skarbowego o czynno\u015bci prawnej zawarcia najmu.<\/p>\n<p>Umowa najmu instytucjonalnego z doj\u015bciem do w\u0142asno\u015bci zgodnie z tre\u015bci\u0105 art. 19m Ustawy dodatkowo zastrzega:<br \/>\n(i) wy\u0142\u0105cznie lokale mieszkalne, dla kt\u00f3rych za\u0142o\u017cono ksi\u0119g\u0119 wieczyst\u0105,<br \/>\n(ii) roszczenie najemcy powinno figurowa\u0107 w III dziale ksi\u0119gi wieczystej,<br \/>\n(iii) wynajmuj\u0105cy w\u0142a\u015bcicielem lokalu mieszkalnego.<\/p>\n<p>*Obecnie na rynku nieruchomo\u015bci mieszkaniowych PRS funkcjonuje w formule: (i) \u201ebuild to rent\u201d oraz (ii) \u201ebuy to let\u201d \u2013 obie formu\u0142y zmierzaj\u0105ce do komercjalizacji nieruchomo\u015bci stanowi\u0105cej przedmiot inwestycji.<\/p>\n<p style=\"text-align: center;\"><span style=\"font-weight: 400;\">17 sierpnia 2023r.<\/span><\/p>\n","protected":false},"featured_media":0,"template":"","class_list":["post-162","publications","type-publications","status-publish","hentry"],"acf":[],"yoast_head":"<!-- This site is optimized with the Yoast SEO plugin v27.4 - https:\/\/yoast.com\/product\/yoast-seo-wordpress\/ -->\n<title>Najem instytucjonalny (PRS) - Alicja S\u0142awi\u0144ska<\/title>\n<meta name=\"robots\" content=\"index, follow, max-snippet:-1, max-image-preview:large, max-video-preview:-1\" \/>\n<link rel=\"canonical\" href=\"https:\/\/alicjaslawinska.pl\/pl\/publications\/najem-instytucjonalny-prs\/\" \/>\n<meta property=\"og:locale\" content=\"pl_PL\" \/>\n<meta property=\"og:type\" content=\"article\" \/>\n<meta property=\"og:title\" content=\"Najem instytucjonalny (PRS) - Alicja S\u0142awi\u0144ska\" \/>\n<meta property=\"og:description\" content=\"Private Rented Sector \u2013 Rynek Najmu Instytucjonalnej (dalej: \u201ePRS\u201d) to zinstytucjonalizowana forma najmu prowadzona przez profesjonalne podmioty wykwalifikowane w najmie powierzchni mieszkaniowej. Nadrz\u0119dn\u0105 funkcj\u0105 PRS jest kompleksowe zabezpieczenie interes\u00f3w strony wynajmuj\u0105cej lokal mieszkalny w por\u00f3wnaniu np. do najmu okazjonalnego. Podstawowym \u017ar\u00f3d\u0142em regulacji prawnej PRS w Polsce jest ustawa z dnia 21 czerwca 2001r. O ochronie [&hellip;]\" \/>\n<meta property=\"og:url\" content=\"https:\/\/alicjaslawinska.pl\/pl\/publications\/najem-instytucjonalny-prs\/\" \/>\n<meta property=\"og:site_name\" content=\"Alicja S\u0142awi\u0144ska\" \/>\n<meta property=\"article:modified_time\" content=\"2024-02-28T15:10:26+00:00\" \/>\n<meta property=\"og:image\" content=\"https:\/\/alicjaslawinska.pl\/wp-content\/uploads\/2024\/02\/1200x630.jpg\" \/>\n\t<meta property=\"og:image:width\" content=\"1200\" \/>\n\t<meta property=\"og:image:height\" content=\"630\" \/>\n\t<meta property=\"og:image:type\" content=\"image\/jpeg\" \/>\n<meta name=\"twitter:card\" content=\"summary_large_image\" \/>\n<meta name=\"twitter:label1\" content=\"Szacowany czas czytania\" \/>\n\t<meta name=\"twitter:data1\" content=\"2 minuty\" \/>\n<script type=\"application\/ld+json\" class=\"yoast-schema-graph\">{\"@context\":\"https:\\\/\\\/schema.org\",\"@graph\":[{\"@type\":\"WebPage\",\"@id\":\"https:\\\/\\\/alicjaslawinska.pl\\\/pl\\\/publications\\\/najem-instytucjonalny-prs\\\/\",\"url\":\"https:\\\/\\\/alicjaslawinska.pl\\\/pl\\\/publications\\\/najem-instytucjonalny-prs\\\/\",\"name\":\"Najem instytucjonalny (PRS) - Alicja S\u0142awi\u0144ska\",\"isPartOf\":{\"@id\":\"https:\\\/\\\/alicjaslawinska.pl\\\/#website\"},\"datePublished\":\"2023-08-17T11:20:41+00:00\",\"dateModified\":\"2024-02-28T15:10:26+00:00\",\"breadcrumb\":{\"@id\":\"https:\\\/\\\/alicjaslawinska.pl\\\/pl\\\/publications\\\/najem-instytucjonalny-prs\\\/#breadcrumb\"},\"inLanguage\":\"pl-PL\",\"potentialAction\":[{\"@type\":\"ReadAction\",\"target\":[\"https:\\\/\\\/alicjaslawinska.pl\\\/pl\\\/publications\\\/najem-instytucjonalny-prs\\\/\"]}]},{\"@type\":\"BreadcrumbList\",\"@id\":\"https:\\\/\\\/alicjaslawinska.pl\\\/pl\\\/publications\\\/najem-instytucjonalny-prs\\\/#breadcrumb\",\"itemListElement\":[{\"@type\":\"ListItem\",\"position\":1,\"name\":\"Home\",\"item\":\"https:\\\/\\\/alicjaslawinska.pl\\\/pl\\\/\"},{\"@type\":\"ListItem\",\"position\":2,\"name\":\"Najem instytucjonalny (PRS)\"}]},{\"@type\":\"WebSite\",\"@id\":\"https:\\\/\\\/alicjaslawinska.pl\\\/#website\",\"url\":\"https:\\\/\\\/alicjaslawinska.pl\\\/\",\"name\":\"Alicja S\u0142wi\u0144ska\",\"description\":\"\",\"publisher\":{\"@id\":\"https:\\\/\\\/alicjaslawinska.pl\\\/#organization\"},\"potentialAction\":[{\"@type\":\"SearchAction\",\"target\":{\"@type\":\"EntryPoint\",\"urlTemplate\":\"https:\\\/\\\/alicjaslawinska.pl\\\/?s={search_term_string}\"},\"query-input\":{\"@type\":\"PropertyValueSpecification\",\"valueRequired\":true,\"valueName\":\"search_term_string\"}}],\"inLanguage\":\"pl-PL\"},{\"@type\":\"Organization\",\"@id\":\"https:\\\/\\\/alicjaslawinska.pl\\\/#organization\",\"name\":\"Alicja S\u0142wi\u0144ska\",\"url\":\"https:\\\/\\\/alicjaslawinska.pl\\\/\",\"logo\":{\"@type\":\"ImageObject\",\"inLanguage\":\"pl-PL\",\"@id\":\"https:\\\/\\\/alicjaslawinska.pl\\\/#\\\/schema\\\/logo\\\/image\\\/\",\"url\":\"https:\\\/\\\/alicjaslawinska.pl\\\/wp-content\\\/uploads\\\/2024\\\/02\\\/1200x630.jpg\",\"contentUrl\":\"https:\\\/\\\/alicjaslawinska.pl\\\/wp-content\\\/uploads\\\/2024\\\/02\\\/1200x630.jpg\",\"width\":1200,\"height\":630,\"caption\":\"Alicja S\u0142wi\u0144ska\"},\"image\":{\"@id\":\"https:\\\/\\\/alicjaslawinska.pl\\\/#\\\/schema\\\/logo\\\/image\\\/\"}}]}<\/script>\n<!-- \/ Yoast SEO plugin. -->","yoast_head_json":{"title":"Najem instytucjonalny (PRS) - Alicja S\u0142awi\u0144ska","robots":{"index":"index","follow":"follow","max-snippet":"max-snippet:-1","max-image-preview":"max-image-preview:large","max-video-preview":"max-video-preview:-1"},"canonical":"https:\/\/alicjaslawinska.pl\/pl\/publications\/najem-instytucjonalny-prs\/","og_locale":"pl_PL","og_type":"article","og_title":"Najem instytucjonalny (PRS) - Alicja S\u0142awi\u0144ska","og_description":"Private Rented Sector \u2013 Rynek Najmu Instytucjonalnej (dalej: \u201ePRS\u201d) to zinstytucjonalizowana forma najmu prowadzona przez profesjonalne podmioty wykwalifikowane w najmie powierzchni mieszkaniowej. Nadrz\u0119dn\u0105 funkcj\u0105 PRS jest kompleksowe zabezpieczenie interes\u00f3w strony wynajmuj\u0105cej lokal mieszkalny w por\u00f3wnaniu np. do najmu okazjonalnego. Podstawowym \u017ar\u00f3d\u0142em regulacji prawnej PRS w Polsce jest ustawa z dnia 21 czerwca 2001r. O ochronie [&hellip;]","og_url":"https:\/\/alicjaslawinska.pl\/pl\/publications\/najem-instytucjonalny-prs\/","og_site_name":"Alicja S\u0142awi\u0144ska","article_modified_time":"2024-02-28T15:10:26+00:00","og_image":[{"width":1200,"height":630,"url":"https:\/\/alicjaslawinska.pl\/wp-content\/uploads\/2024\/02\/1200x630.jpg","type":"image\/jpeg"}],"twitter_card":"summary_large_image","twitter_misc":{"Szacowany czas czytania":"2 minuty"},"schema":{"@context":"https:\/\/schema.org","@graph":[{"@type":"WebPage","@id":"https:\/\/alicjaslawinska.pl\/pl\/publications\/najem-instytucjonalny-prs\/","url":"https:\/\/alicjaslawinska.pl\/pl\/publications\/najem-instytucjonalny-prs\/","name":"Najem instytucjonalny (PRS) - Alicja S\u0142awi\u0144ska","isPartOf":{"@id":"https:\/\/alicjaslawinska.pl\/#website"},"datePublished":"2023-08-17T11:20:41+00:00","dateModified":"2024-02-28T15:10:26+00:00","breadcrumb":{"@id":"https:\/\/alicjaslawinska.pl\/pl\/publications\/najem-instytucjonalny-prs\/#breadcrumb"},"inLanguage":"pl-PL","potentialAction":[{"@type":"ReadAction","target":["https:\/\/alicjaslawinska.pl\/pl\/publications\/najem-instytucjonalny-prs\/"]}]},{"@type":"BreadcrumbList","@id":"https:\/\/alicjaslawinska.pl\/pl\/publications\/najem-instytucjonalny-prs\/#breadcrumb","itemListElement":[{"@type":"ListItem","position":1,"name":"Home","item":"https:\/\/alicjaslawinska.pl\/pl\/"},{"@type":"ListItem","position":2,"name":"Najem instytucjonalny (PRS)"}]},{"@type":"WebSite","@id":"https:\/\/alicjaslawinska.pl\/#website","url":"https:\/\/alicjaslawinska.pl\/","name":"Alicja S\u0142wi\u0144ska","description":"","publisher":{"@id":"https:\/\/alicjaslawinska.pl\/#organization"},"potentialAction":[{"@type":"SearchAction","target":{"@type":"EntryPoint","urlTemplate":"https:\/\/alicjaslawinska.pl\/?s={search_term_string}"},"query-input":{"@type":"PropertyValueSpecification","valueRequired":true,"valueName":"search_term_string"}}],"inLanguage":"pl-PL"},{"@type":"Organization","@id":"https:\/\/alicjaslawinska.pl\/#organization","name":"Alicja S\u0142wi\u0144ska","url":"https:\/\/alicjaslawinska.pl\/","logo":{"@type":"ImageObject","inLanguage":"pl-PL","@id":"https:\/\/alicjaslawinska.pl\/#\/schema\/logo\/image\/","url":"https:\/\/alicjaslawinska.pl\/wp-content\/uploads\/2024\/02\/1200x630.jpg","contentUrl":"https:\/\/alicjaslawinska.pl\/wp-content\/uploads\/2024\/02\/1200x630.jpg","width":1200,"height":630,"caption":"Alicja S\u0142wi\u0144ska"},"image":{"@id":"https:\/\/alicjaslawinska.pl\/#\/schema\/logo\/image\/"}}]}},"_links":{"self":[{"href":"https:\/\/alicjaslawinska.pl\/pl\/wp-json\/wp\/v2\/publications\/162","targetHints":{"allow":["GET"]}}],"collection":[{"href":"https:\/\/alicjaslawinska.pl\/pl\/wp-json\/wp\/v2\/publications"}],"about":[{"href":"https:\/\/alicjaslawinska.pl\/pl\/wp-json\/wp\/v2\/types\/publications"}],"wp:attachment":[{"href":"https:\/\/alicjaslawinska.pl\/pl\/wp-json\/wp\/v2\/media?parent=162"}],"curies":[{"name":"wp","href":"https:\/\/api.w.org\/{rel}","templated":true}]}}

<p>Private Rented Sector – Rynek Najmu Instytucjonalnej (dalej: „PRS”) to zinstytucjonalizowana forma najmu prowadzona przez profesjonalne podmioty wykwalifikowane w najmie powierzchni mieszkaniowej. Nadrzędną funkcją PRS jest kompleksowe zabezpieczenie interesów strony wynajmującej lokal mieszkalny w porównaniu np. do najmu okazjonalnego.</p>
<p>Podstawowym źródłem regulacji prawnej PRS w Polsce jest ustawa z dnia 21 czerwca 2001r. O ochronie praw lokatorów, mieszkaniowym zasobie gminy i o zmianie Kodeksu cywilnego (Dz. U. 2001 nr 71 poz. 733)(dalej: „Ustawa”). Przepisy Kodeksu cywilnego stosuje się odpowiednio w zakresie zastrzeżonym w Ustawie.</p>
<p>Umowa najmu instytucjonalnego zgodnie z treścią art. 19f ust. 1 Ustawy:<br />
(i) umowa najmu mieszkalnego w formie pisemnej pod rygorem nieważności,<br />
(ii) wynajmującym jest osoba fizyczna, prawna lub jednostka organizacyjna niebędąca osobą prawną, która prowadzi działalność gospodarczą w zakresie najmu lokali mieszkalnych,<br />
(iii) najemcą jest wyłącznie osoba fizyczna, a najem na własne potrzeby mieszkaniowe,<br />
(iv) zawierana na czas oznaczony,<br />
(v) obligatoryjnym załącznikiem jest oświadczenie w formie aktu notarialnego o dobrowolnym poddaniu się egzekucji co do zapłaty i opróżnienia lokalu mieszkalnego.<br />
(vi) kaucja nie może przekraczać 6-krotności czynszu i może być w trakcie trwania umowy zaliczana na poczet zaległości w opłatach. Najemca ma wówczas obowiązek uzupełnienia brakującej kwoty określonej w umowie kaucji,<br />
(vii) brak konieczności zawiadomienia Urzędu Skarbowego o czynności prawnej zawarcia najmu.</p>
<p>Umowa najmu instytucjonalnego z dojściem do własności zgodnie z treścią art. 19m Ustawy dodatkowo zastrzega:<br />
(i) wyłącznie lokale mieszkalne, dla których założono księgę wieczystą,<br />
(ii) roszczenie najemcy powinno figurować w III dziale księgi wieczystej,<br />
(iii) wynajmujący właścicielem lokalu mieszkalnego.</p>
<p>*Obecnie na rynku nieruchomości mieszkaniowych PRS funkcjonuje w formule: (i) „build to rent” oraz (ii) „buy to let” – obie formuły zmierzające do komercjalizacji nieruchomości stanowiącej przedmiot inwestycji.</p>
<p style="text-align: center;"><span style="font-weight: 400;">17 sierpnia 2023r.</span></p>

<!-- This site is optimized with the Yoast SEO plugin v27.4 - https://yoast.com/product/yoast-seo-wordpress/ -->
<title>Najem instytucjonalny (PRS) - Alicja Sławińska</title>
<meta name="robots" content="index, follow, max-snippet:-1, max-image-preview:large, max-video-preview:-1" />
<link rel="canonical" href="https://alicjaslawinska.pl/pl/publications/najem-instytucjonalny-prs/" />
<meta property="og:locale" content="pl_PL" />
<meta property="og:type" content="article" />
<meta property="og:title" content="Najem instytucjonalny (PRS) - Alicja Sławińska" />
<meta property="og:description" content="Private Rented Sector – Rynek Najmu Instytucjonalnej (dalej: „PRS”) to zinstytucjonalizowana forma najmu prowadzona przez profesjonalne podmioty wykwalifikowane w najmie powierzchni mieszkaniowej. Nadrzędną funkcją PRS jest kompleksowe zabezpieczenie interesów strony wynajmującej lokal mieszkalny w porównaniu np. do najmu okazjonalnego. Podstawowym źródłem regulacji prawnej PRS w Polsce jest ustawa z dnia 21 czerwca 2001r. O ochronie [&hellip;]" />
<meta property="og:url" content="https://alicjaslawinska.pl/pl/publications/najem-instytucjonalny-prs/" />
<meta property="og:site_name" content="Alicja Sławińska" />
<meta property="article:modified_time" content="2024-02-28T15:10:26+00:00" />
<meta property="og:image" content="https://alicjaslawinska.pl/wp-content/uploads/2024/02/1200x630.jpg" />
	<meta property="og:image:width" content="1200" />
	<meta property="og:image:height" content="630" />
	<meta property="og:image:type" content="image/jpeg" />
<meta name="twitter:card" content="summary_large_image" />
<meta name="twitter:label1" content="Szacowany czas czytania" />
	<meta name="twitter:data1" content="2 minuty" />
<script type="application/ld+json" class="yoast-schema-graph">{"@context":"https:\/\/schema.org","@graph":[{"@type":"WebPage","@id":"https:\/\/alicjaslawinska.pl\/pl\/publications\/najem-instytucjonalny-prs\/","url":"https:\/\/alicjaslawinska.pl\/pl\/publications\/najem-instytucjonalny-prs\/","name":"Najem instytucjonalny (PRS) - Alicja Sławińska","isPartOf":{"@id":"https:\/\/alicjaslawinska.pl\/#website"},"datePublished":"2023-08-17T11:20:41+00:00","dateModified":"2024-02-28T15:10:26+00:00","breadcrumb":{"@id":"https:\/\/alicjaslawinska.pl\/pl\/publications\/najem-instytucjonalny-prs\/#breadcrumb"},"inLanguage":"pl-PL","potentialAction":[{"@type":"ReadAction","target":["https:\/\/alicjaslawinska.pl\/pl\/publications\/najem-instytucjonalny-prs\/"]}]},{"@type":"BreadcrumbList","@id":"https:\/\/alicjaslawinska.pl\/pl\/publications\/najem-instytucjonalny-prs\/#breadcrumb","itemListElement":[{"@type":"ListItem","position":1,"name":"Home","item":"https:\/\/alicjaslawinska.pl\/pl\/"},{"@type":"ListItem","position":2,"name":"Najem instytucjonalny (PRS)"}]},{"@type":"WebSite","@id":"https:\/\/alicjaslawinska.pl\/#website","url":"https:\/\/alicjaslawinska.pl\/","name":"Alicja Słwińska","description":"","publisher":{"@id":"https:\/\/alicjaslawinska.pl\/#organization"},"potentialAction":[{"@type":"SearchAction","target":{"@type":"EntryPoint","urlTemplate":"https:\/\/alicjaslawinska.pl\/?s={search_term_string}"},"query-input":{"@type":"PropertyValueSpecification","valueRequired":true,"valueName":"search_term_string"}}],"inLanguage":"pl-PL"},{"@type":"Organization","@id":"https:\/\/alicjaslawinska.pl\/#organization","name":"Alicja Słwińska","url":"https:\/\/alicjaslawinska.pl\/","logo":{"@type":"ImageObject","inLanguage":"pl-PL","@id":"https:\/\/alicjaslawinska.pl\/#\/schema\/logo\/image\/","url":"https:\/\/alicjaslawinska.pl\/wp-content\/uploads\/2024\/02\/1200x630.jpg","contentUrl":"https:\/\/alicjaslawinska.pl\/wp-content\/uploads\/2024\/02\/1200x630.jpg","width":1200,"height":630,"caption":"Alicja Słwińska"},"image":{"@id":"https:\/\/alicjaslawinska.pl\/#\/schema\/logo\/image\/"}}]}</script>
<!-- / Yoast SEO plugin. -->

Najem instytucjonalny (PRS) - Alicja Sławińska

Private Rented Sector – Rynek Najmu Instytucjonalnej (dalej: „PRS”) to zinstytucjonalizowana forma najmu prowadzona przez profesjonalne podmioty wykwalifikowane w najmie powierzchni mieszkaniowej. Nadrzędną funkcją PRS jest kompleksowe zabezpieczenie interesów strony wynajmującej lokal mieszkalny w porównaniu np. do najmu okazjonalnego. Podstawowym źródłem regulacji prawnej PRS w Polsce jest ustawa z dnia 21 czerwca 2001r. O ochronie [&hellip;]

Alicja Sławińska

Alicja Słwińska
